 -2*o + 5*t = 15, -5*t + 15 = -2*o + 3*o. Suppose j*k + 583 - 2453 = o. List the prime factors of k.
2, 5, 17
Let r(k) be the third derivative of -7*k**4/6 - 79*k**3/6 + 2*k**2 - 5. List the prime factors of r(-14).
313
Let r(f) be the second derivative of 0 - 28*f + 4*f**2 + 1/6*f**4 - 4/3*f**3. List the prime factors of r(4).
2
Let o(u) = -u**3 + 14*u**2 + 4*u + 19. Let b be o(13). Suppose 13*d = 7*d - b. List the prime factors of 8/(4*(-1)/d).
2, 5
Let j(f) = 2*f**2 + 23*f - 390. What are the prime factors of j(39)?
3, 7, 13
Let l(t) = t**2 - t - 7. Suppose 44*z - 20 = 39*z. Let b be l(z). Suppose x = m + 183, -2*m = -b*x + m + 925. What are the prime factors of x?
2, 47
Let a = -715 - -1133. Suppose -1262 = -2*b + a. List the prime factors of b.
2, 3, 5, 7
Let k be (3 - 74/(-24))*-9*8. Let f be k/5 + 2/(-5). Let w = -67 - f. What are the prime factors of w?
3, 7
Suppose 0 = 26*d + 30*d - 504. Let u(n) = 2*n + 5 + 2*n**2 - 5*n - 11*n. List the prime factors of u(d).
41
Let p = 20 - 45. Let u(b) = 3*b + 82. Let c be u(p). Suppose s - c*s = -1464. List the prime factors of s.
2, 61
Let b(a) = 41*a**2 - 34*a + 680. What are the prime factors of b(18)?
2, 1669
Let r = -285 + 31. Let t be (-5)/15 - (-1159)/3. Let o = r + t. What are the prime factors of o?
2, 3, 11
Let l = -37050 - -58290. List the prime factors of l.
2, 3, 5, 59
Let u(v) = 5*v**2 - 10*v - 13. Let n be u(3). List the prime factors of 321 + -286 - -2*3/n.
2, 19
Let q(k) = k**3 + 3*k**2 + 12*k + 6873. List the prime factors of q(0).
3, 29, 79
Let b(m) = m**3 - 12*m**2 - 2*m - 11. Let a(j) = -j**3 + j**2 - j. Let v be (1/4)/(3/12). Let i(w) = v*b(w) + 2*a(w). List the prime factors of i(-11).
2, 7, 11
Suppose 0 = 73*k - 96*k + 246107 + 12712. List the prime factors of k.
3, 11, 31
Let a = 173 + -79. Suppose -7 + 1 = -3*g. List the prime factors of -5*(a/10)/(g/(-6)).
3, 47
Let t(k) = -21*k - 17. Let p be t(-5). Suppose p = 49*n - 53*n. Let l(m) = -m**2 - 24*m + 8. List the prime factors of l(n).
2, 13
What are the prime factors of ((0 - -7) + -1106)/((-12)/12)?
7, 157
Suppose -19*v = -86 + 10. What are the prime factors of ((-28)/v)/(((-9)/51)/3)?
7, 17
Let w(t) = 12*t + 30. Let m = -52 - -61. Suppose m = 3*o, 32 = 5*b - 2*o + o. What are the prime factors of w(b)?
2, 3, 19
Let k be 1 + (-4)/(-8) + (-211)/(-2). Let a = 329 - k. Suppose 5*m = 3*n - 8*n + 585, -2*m + n + a = 0. What are the prime factors of m?
113
Suppose 0 = -91*v + 130589 + 132765. List the prime factors of v.
2, 1447
What are the prime factors of 14776 - -3*(592/(-111) - (1 - 6))?
3, 5, 197
Let j = 40 + -35. Let m be -2 - (20/j + -6). Suppose -4*f + 73 + 79 = m. List the prime factors of f.
2, 19
Let v = 165 + -165. Suppose -2*k + 2*t + 652 = v, -4*t + 542 = 3*k - 415. What are the prime factors of k?
17, 19
Let x = 357 + -234. What are the prime factors of (x/(-5) + 7)/(2/(-25))?
2, 5, 11
Suppose -5*p = 19*m - 17*m - 1750, 0 = -2*m - 3*p + 1758. Suppose d + m = z + 239, 4*d - 1304 = -2*z. List the prime factors of z.
2, 3
Let y = 1211 - -525. Suppose 3*f - 864 = -2*s - 0*f, y = 4*s + 4*f. Suppose -5*v + s = -3*b, 3*v - 192 = b + 70. What are the prime factors of v?
3, 29
Suppose 26*x = 35*x - 36. Suppose -2*v - x = 0, -45*v + 41*v = -3*m + 3098. List the prime factors of m.
2, 5, 103
Suppose -430*m + 425*m + 32930 = 5*v, -m + 5*v + 6544 = 0. List the prime factors of m.
3, 17, 43
Suppose 5*v + 25 = 0, 0*v - 2*v - 42 = -4*g. Let a be (24/32)/((-2)/g). What are the prime factors of ((-39)/(-65))/((-2)/(-310)) + a?
2, 3, 5
Let t be ((-1)/3)/((-37)/631479). Suppose -w + 3*p + 1933 = 0, 5*w - 3976 = -4*p + t. What are the prime factors of w?
1933
Suppose 23 - 29 = -3*t. Let r be (602/3 + t)/(8/24). Suppose 3*i + i - r = 0. What are the prime factors of i?
2, 19
Let g = 230999 + -163068. List the prime factors of g.
67931
Let f = 296 - 324. Let h(p) = -3*p**2 - 86*p + 11. List the prime factors of h(f).
67
Let k(l) = 2*l - 24. Let y be k(11). Let o(g) = 6*g**2 - 4*g - 1. Let x be o(y). List the prime factors of x + -3*4/6.
29
Let u = 11443 + -6861. List the prime factors of u.
2, 29, 79
Let a = -68 - -70. Let g be 4/8*a*-5. What are the prime factors of 530/(-6)*-3 - g?
2, 3, 5
Suppose -n = 2*r - 16016, -2*r - 80106 = -5*n + r. Suppose -40*h - n = -45*h. List the prime factors of 4/(-26) - (5 + h/(-39)).
7, 11
Let h = -89641 - -130834. List the prime factors of h.
3, 23, 199
Let b(j) = -20*j + 261. Let g(q) = 51*q + 13. Let k be g(-1). List the prime factors of b(k).
1021
Let s(j) = j**3 + 56*j**2 - 56*j - 239. List the prime factors of s(-56).
2897
Let h = -1014 + 1498. Let g be (3/(-3))/((-1)/(-335)). Let k = h + g. What are the prime factors of k?
149
Suppose 0 = 4*f - 5*n - 27209, 2*f - 9829 = 3*n + 3776. What are the prime factors of f?
3, 2267
List the prime factors of 171828/28 - (4 + 210/(-49)).
17, 19
Let d be (-6)/(-39) - 74/(-26). What are the prime factors of (-9)/(-21) - ((-23328)/56 - d)?
2, 3, 5, 7
Let u(m) = 10 + m + 147*m**2 + 152*m**2 - 290*m**2. Let o be u(-3). Suppose 2*r = o - 0. What are the prime factors of r?
2, 11
Suppose 0 = 566*d - 577*d + 462. Suppose 0 = 17*u - d*u + 22150. List the prime factors of u.
2, 443
Let n be ((-976)/6)/((-104)/156). Let c = n - -317. What are the prime factors of c?
3, 11, 17
Let s(j) = -j + 9*j**2 + j**3 + 18*j + 4*j**2 + 16*j**2 - 5 - 6*j**2. Suppose -10 = -3*n - 76. List the prime factors of s(n).
3, 5, 7
Let l(a) be the second derivative of 7*a**4/6 - 5*a**3/6 + 10*a**2 + 11*a. List the prime factors of l(-5).
5, 79
Let o = 1177 + -626. Suppose -o*b = -557*b + 4398. What are the prime factors of b?
733
Let m = 5928 - 5503. What are the prime factors of m?
5, 17
Let x be 67/5 + 90/150. Let f(g) = 2*g + 40. What are the prime factors of f(x)?
2, 17
Let p = 27264 + 3666. List the prime factors of p.
2, 3, 5, 1031
Let s = -41 - -42. Let d(u) = -2*u**2 - 12*u**3 + s + u + u**2 + 112*u**3. What are the prime factors of d(1)?
101
Let o(q) = -75*q + 6*q + 52 - 201. What are the prime factors of o(-8)?
13, 31
Let p(q) = -q**3 - 23*q**2 - 3*q - 54. Let g be p(-23). Suppose -g*o = o - 1600. Let h = 116 - o. List the prime factors of h.
2
Let m = -10895 - -57955. What are the prime factors of m?
2, 5, 13, 181
Suppose -3*p - 21 = 3*t, 2*t + 18 = -2*p - t. Let n(b) = 0*b + 0*b - 7 - 4*b + b**2 - b. List the prime factors of n(p).
17
Let j(x) = x**3 + 18*x**2 + 3*x + 58. Let y be j(-18). Let h = y + 194. List the prime factors of h.
2, 3, 11
Let p be ((-6)/(-2))/(-19 - -20). Suppose p*g + m = 4393, -4*m - 1104 = -g + 369. List the prime factors of g.
5, 293
Let w(g) = -2*g**2 + 14*g + 40. Let t be w(9). Suppose 2*f - 3*x + 224 - 1242 = 0, 2030 = t*f - 3*x. What are the prime factors of f?
2, 11, 23
Let w(y) = -2*y**2 - 32*y - 23. Let j be w(-14). Suppose l = -j*l + 49810. What are the prime factors of l?
5, 293
Suppose 0 = -4*f - 2*k + 24, 4*f + k - 35 = -9. Suppose -2*w = y - 772, -f*w + y = -2*w - 1916. List the prime factors of w.
2, 3
Let a be 22/(-77) + 30/7. Suppose -v - v - 4*p + a = 0, 0 = -2*p. Suppose 2*m = r - 43, -r + 139 = v*r - m. List the prime factors of r.
47
Suppose 0 = 2*g + 2*o - 1348, -3*o = -10*g + 14*g - 2696. Suppose 2*b = -5*m + m + g, 0 = m + 2*b - 161. What are the prime factors of m?
3, 19
Let w be 424/10 + -3*1/(-5). Let d = -55 + w. List the prime factors of (-4)/(-12) + (-260)/d.
2, 11
Let j(l) = 3260*l + 2902. What are the prime factors of j(9)?
2, 7, 47
Suppose 146*z = 151*z + 2*d - 30541, 3*d + 12205 = 2*z. List the prime factors of z.
31, 197
Suppose -99*m - 116*m + 10238322 = -2533108. What are the prime factors of m?
2, 7, 4243
Let o = -219 + 230. Let m(a) = 5*a + 3 + 0 + 0*a - 1. List the prime factors of m(o).
3, 19
Suppose q = -4*q + 35. Let r(t) = -2*t**3 + 3*t - 8 - 7 + t**3 - q*t**2. List the prime factors of r(-8).
5
Let k(x) = 220*x + 176. Suppose 4*z - 14*z + 80 = 0. What are the prime factors of k(z)?
2, 11
List the prime factors of (6/8 + (-6)/(-8))/((-6)/(-50824)).
2, 6353
Let l(m) = 333*m**2 - 116*m - 974. List the prime factors of l(-10).
2, 3, 5581
Suppose 5 = -g + 128. Let y be (6480/(-152))/6 + 6/57. Let b = g - y. What are the prime factors of b?
2, 5, 13
Let l = 386 - 62. Let b be (l/8 - -1)*(-2 + 0). Let n = 183 +